 t(w) be the second derivative of w**3/6 + 2*w**2 - 6*w. Calculate t(n).
-2
Suppose 0*i - 3*i = -33. Let r(j) = -1 + 4*j - i*j - 2*j. Suppose -2*g - 2*w + 8 = 0, -28 = 3*g - 3*w - 10. Determine r(g).
8
Let q be 168/27 - (-4)/(-18). Let j(w) = 3 - 3 + q*w - 2*w. Determine j(1).
4
Let z(b) = 7*b**3 - 8*b**2 + 6*b - 5. Let n(w) = 6*w**3 - 7*w**2 + 5*w - 4. Let a(p) = 5*n(p) - 4*z(p). Determine a(2).
6
Let n(o) be the first derivative of o**4/8 - 3*o**2 - 1. Let q(m) be the second derivative of n(m). Calculate q(-2).
-6
Let h(i) = 12*i + 6. Let d(o) = o + 1. Let s(x) = -5*d(x) + h(x). Determine s(1).
8
Let h(n) = -3*n**2 - 2*n + n**2 - 4 + 6*n + 3*n**2. Determine h(-5).
1
Suppose 0 = -5*z - 40 + 5. Let u(w) be the second derivative of w**3/6 + 9*w**2/2 + 5*w. Let q be u(z). Let f(o) = -o. Give f(q).
-2
Suppose 0 - 3 = -3*h. Let c(z) be the third derivative of -1/60*z**5 + 1/12*z**4 + 0*z + 0*z**3 + 0 - 3*z**2. Determine c(h).
1
Suppose 7 - 36 = -5*l + 2*f, -13 = -3*l - f. Let m(j) = j - 7. Calculate m(l).
-2
Let m(p) be the second derivative of 5*p**4/12 + p**3/2 + p**2/2 + 9*p - 2. Calculate m(-2).
15
Let r(k) = k**3 - k**2 + k + 5. Suppose 0 = 4*w + 16, -5*w - 43 = -5*o + 7. Suppose o*j = 10*j. Give r(j).
5
Let u(x) be the first derivative of x**2/2 + 2*x + 1. Let d(f) = -f**3 + 2*f**2 + 2. Let p be d(2). Suppose a - p*z = 10, -5*a + z + 5 = 6*z. What is u(a)?
6
Let q(l) be the second derivative of -1/2*l**2 + 0 + 2*l + 1/6*l**3. Let v be ((-2)/(-1))/((-2)/(-1)). Give q(v).
0
Let n(u) = u - 7. Let q(r) = r**3 + 4*r**2 + 3. Let x be q(-4). What is n(x)?
-4
Let a(m) = -m + 2. Let z be a(0). Let c(f) = 2*f**2 - 3*f**2 - 13*f**z. Calculate c(-1).
-14
Suppose 4*s + 5*r - 36 = 0, s = 5*r - 4*r. Suppose 4*c - o = 13, -s*c + 4*o + 24 = -2*c. Let a(i) = -3*i**2 + 2*i - 1. Give a(c).
-9
Let i(g) = g**2 + 12*g - 3. Let v be i(-13). Let h(a) = 2*a - a + 8 - v. Determine h(3).
1
Suppose -1 - 5 = -3*s - 3*v, 6 = 3*s - 3*v. Let o(l) = -2*l**2 + l + 1. What is o(s)?
-5
Let s(v) be the second derivative of 1/3*v**3 - v**2 - 5*v + 0. Give s(3).
4
Let a(k) = k**3 - 2*k**2 - 6*k - 1. Let n(c) = -5*c**3 + 9*c**2 + 30*c + 6. Let g(w) = 11*a(w) + 2*n(w). Calculate g(5).
-4
Suppose 2*k + 2 = 0, 0*a + a - 5*k - 8 = 0. Suppose -c - a*c + 20 = 0. Let v(r) = -r. What is v(c)?
-5
Let g(r) be the second derivative of -r**5/20 - r**4/4 + r**3/6 + 2*r**2 + 3*r. What is g(-3)?
1
Let v(o) = -4*o - 7. Let s be 25/(-4) + 3/12. Let b(p) = -p - 1. Let c(w) = s*b(w) + v(w). Calculate c(6).
11
Let k be 93/(-15) + (-2)/(-10). Let s(n) = 0 - 2*n**2 - 2 - n**2 + 2*n**2 - 7*n. Determine s(k).
4
Let s(y) = 4*y - 2*y + 2*y - 9 - 3*y. Give s(5).
-4
Let w(r) = -r**3 - 5*r**2 + 8*r + 6. Let h(s) = -s**2 - 9*s - 14. Let v be h(-8). Calculate w(v).
-6
Let r(a) = -2*a**2 + 9*a + 19. Let n(u) = -u**2 + 5*u + 10. Let q(o) = -11*n(o) + 6*r(o). Let j(l) = -2*l. Let i be j(2). Give q(i).
-8
Let y(o) = 3*o**2 - 5*o. Let r(u) = -5*u**2 + 4*u - 1. Let c(j) = -2*r(j) - 3*y(j). Let i = 2 - 3. Let s = -4 + i. Give c(s).
-8
Let i(k) = k**2 - 4*k - 3. Let p be i(5). Let o be (p/2 + -3)/(-2). Let s be (1 - -5) + (-1 - o). Let d(y) = -y**3 + 5*y**2 - 4*y + 3. Calculate d(s).
3
Let p(g) = g**3 - 3*g**2 - g + 2. Let u(q) = -2*q**2 + 16*q + 2. Let l be u(8). What is p(l)?
-4
Let n(a) = a + 0*a + 0*a + 3. Let r = -4 + 5. Suppose -r = b + 2. Determine n(b).
0
Let n be -2 + -22*(-1)/2. Suppose 2*p + 3*a - a = 14, 3*a - n = 3*p. Let t(r) = -1 - 125*r + 66*r + 60*r. Determine t(p).
1
Let h(o) = -2*o - 475*o**2 + 473*o**2 + o. Give h(-2).
-6
Let i(c) = 2*c**2 + 8*c - 1. Let h be i(-2). Let z(k) = -k**2 - 9*k + 11. What is z(h)?
11
Let c(w) = -10*w - 11. Let h(n) = -7*n - 7. Let m(k) = 5*c(k) - 8*h(k). Let o = 16 - 11. Let z be (-4 + o)*1/1. Give m(z).
7
Let b = 6 + -1. Let z(w) = 1 - 1 + 4 - b - 2*w. Calculate z(5).
-11
Let d(h) = h + 3. Suppose 2*i + 0*i = 5*t, -3*t + 2*i = 0. Calculate d(t).
3
Let c(x) = -3*x**3 - 5*x**2 + 8*x + 2. Let g(m) = 8*m**3 + 15*m**2 - 23*m - 5. Let n(h) = 11*c(h) + 4*g(h). What is n(5)?
-18
Let f be 1/((-2)/3 + 1). Suppose f*q + 3 = 3*x - 9, 4*x = 4. Let v be (0/3)/(q + 1). Let j(p) = -p + 5. Calculate j(v).
5
Let v be (-1 - 18)/(2 - 3). Let n(q) = 18*q - v*q - 3 + 4 + 1. Let a(u) = u**3 + 7*u**2 + 5. Let f be a(-7). Give n(f).
-3
Let z(q) = q**3 + q - 8. Let o = -3 + 7. Suppose -2*j + o*j = 0. Give z(j).
-8
Let d(v) be the second derivative of -v**3/3 - 11*v. Determine d(-3).
6
Let p(q) = -5*q + 1. Suppose w + 0 + 17 = 5*t, -2*w + 2 = -t. Give p(w).
-14
Let y(j) = -6*j + 1. Let n(h) = h**3 + 7*h**2 + h + 9. Let d be n(-7). What is y(d)?
-11
Let r(k) = 12*k**2. Let n(u) = -u**2. Let c(a) = -54*n(a) - 4*r(a). Suppose 3*p = -6, -p = -3*w - 0*p - 1. Give c(w).
6
Suppose 20 = -4*x, 3*l - 2*l = 2*x + 14. Let w(y) be the first derivative of -y**4/4 + y**3 + 2*y**2 + 4*y + 1. Give w(l).
4
Let p = -26 + 24. Let y = 0 - -2. Let j(r) = -3*r + 3*r - 2 - 3*r - 3*r**y. Calculate j(p).
-8
Suppose -5*v + 10 = -10. Suppose 26 = 3*g + 2*r, g + v*r = -4*g + 46. Let f(k) = -2*k + 8. What is f(g)?
-4
Let g(p) = -2*p - 1 - 4 + 3*p + 6. Suppose u + u = 0. Calculate g(u).
1
Let p(o) = 11*o**3 - 2*o + 1. Let j(y) = -y + 8. Let g be j(7). Determine p(g).
10
Let i(a) = a**3 + a**2 - 6. Let c(z) = -z**2 - 7*z. Let h be c(-7). Let b(p) = -5*p**3 - p**2 - p. Let o be b(-1). Let t be (h/1)/(o - 7). Calculate i(t).
-6
Suppose 3*h + 4*a = -32, 5*h + 7 = a - 8. Let u(z) be the first derivative of 2 + 0*z - 5/3*z**3 - 1/4*z**4 - 2*z**2. Give u(h).
0
Let w(l) = -l**2 + l. Let a(b) = 5*b**2. Let r(d) = d**3 - 5*d**2 + 5*d. Let g be r(4). Let y(j) = g*w(j) + a(j). Give y(-5).
5
Let k(q) = -4*q**2 + q + 2. Suppose -14 = 2*b - 3*v - 2*v, -b - 4 = -v. What is k(b)?
-16
Let i(y) be the first derivative of -3*y**2/2 + 2*y + 21. Calculate i(4).
-10
Suppose -3*f = 2*j - 16, 2*f - 2*j + 8 - 2 = 0. Let q(v) = -7*v + f - 2. Let y(c) = c**2 + 8*c + 8. Let n be y(-7). Give q(n).
-7
Let u(a) = 4*a - 7. Let n(z) = -2*z + 3. Let p(f) = 5*n(f) + 2*u(f). What is p(-1)?
3
Let q(o) = -o**2 + 3*o - 9. Let g(l) = -4*l**2 + 8*l - 28. Let u(w) = 2*g(w) - 7*q(w). Calculate u(-7).
-7
Let f be (-23)/(-7) - 2/7. Suppose f = 4*t - 21. Let s = 6 - t. Let l(h) = h**3 - h**2 + 1. Determine l(s).
1
Let j(n) = n + 4. Let i be j(-5). Let v(q) be the third derivative of 0 + 0*q + q**2 - 1/6*q**3 - 1/24*q**4. Give v(i).
0
Let v(h) = -h - 14. Let m be v(-11). Let r(s) = -s - 7. Give r(m).
-4
Let m be (1*4)/(1 + 1). Let l(s) = 2 - 2 - 2*s**m - 1. Suppose 4*w + 24 - 1 = -3*i, 0 = -5*i + w. Calculate l(i).
-3
Let d(m) = -m**3 - 3*m**2 + 4*m + 4. Let x(l) = l**3 - l**2 - 4. Let p be 0*3/(9 + 0). Let a be x(p). Determine d(a).
4
Let q(f) = f**2 - f + 1. Let s(h) = -h**2 + h - 32. Let o(w) = 2*q(w) + s(w). Determine o(0).
-30
Let n(b) = -2*b**2 + 3*b + 2. Let q(l) = l - 3. Let f be q(5). Let g be (0 - 1)*-1 + f. Determine n(g).
-7
Let a(y) be the first derivative of y**5/20 - 5*y**4/12 - 5*y**3/6 - 5*y**2/2 - 4*y - 2. Let d(u) be the first derivative of a(u). Give d(6).
1
Let j(n) = 3*n**2 - 2*n - 3. Let r = -7 - 1. Let k(q) = q**3 + 9*q**2 + 8*q - 8. Let m be k(r). Let h = m + 6. Determine j(h).
13
Let k(t) be the first derivative of -t**4 + 4*t**3/3 - 2*t**2 + 3*t + 29. Determine k(2).
-21
Let v(d) = -d**2 - 3*d + 2. Suppose 2*i + j - 7 - 2 = 0, -5 = 5*i - 3*j. Determine v(i).
-8
Let t(c) be the second derivative of 0 + 1/3*c**4 + c**2 - 1/2*c**3 - 1/20*c**5 - c. Let f be t(3). Let m(v) = v**3 - 2*v**2 + 3*v - 3. Calculate m(f).
3
Let y(j) = 15*j**2 + j - 1. Let q be y(1). Let h = q + -11. Let s(p) = -2*p + 2. What is s(h)?
-6
Suppose 10*l - 25 = 5*l. Let i(h) be the second derivative of -h**4/12 + 2*h**3/3 + 3*h**2 + h. Calculate i(l).
1
Suppose 0 = 4*x - 13 + 1, 0 = -2*a - 2*x + 14. Suppose 0 = -5*m + a*m - 2. Let r(c) = 3*c - 1 - 1 + 1. Determine r(m).
-7
Let y(j) = 4*j - 3 + 0 - 5*j + 3*j. Determine y(2).
1
Let g = -6 - -8. Suppose 2*n = -4*d - 8, 4*n + 5 = g*n - 3*d. Let b(i) = -2 - 2*i - i + 5*i**n - 6*i**2. What is b(-3)?
-2
Let h(g) be the first derivative of g**2/2 + 6*g + 6. Determine h(-6).
0
Let b(k) = 1 + 2 + 3*k**2 - 1 - 2*k**2 + 4*k. What is b(-3)?
-1
Let i(r) be the second derivative of r - 5/12*r**4 - 1/20*r**5 + 0 + r**2 + 5/6*r**3. Give i(-6).
